{"version":"1.0","provider_name":"Economia","provider_url":"https:\/\/economia.cafeblog.hu","author_name":"F\u00e9le Minden","author_url":"https:\/\/economia.cafeblog.hu\/author\/kacatok555gmail-com\/","title":"Nyugd\u00edj helyett munka!","html":"<p><span class=\"article_lead\">Mind\u00f6ssze 22 sz\u00e1zal\u00e9k azoknak az ar\u00e1nya, akik rendelkeznek nyugd\u00edjc\u00e9l\u00fa megtakar\u00edt\u00e1ssal, holott 78 sz\u00e1zal\u00e9k a jelenlegin\u00e9l rosszabb vagy sokkal rosszabb \u00e9letsz\u00ednvonalra sz\u00e1m\u00edt az akt\u00edv \u00e9vek ut\u00e1n. Egyre t\u00f6bben gondolj\u00e1k \u00fagy, hogy nyugd\u00edjas korukban is dolgozni fognak<\/span> - \u00edrja a <a href=\"http:\/\/penzguru.blog.hu\/2017\/01\/16\/nyugdij_orokke_dolgozni_fogunk\">P\u00e9nzGuru.<\/a><\/p>\r\n[caption id=\"\" align=\"aligncenter\" width=\"526\"]<img class=\"\" src=\"https:\/\/economia.cafeblog.hu\/files\/2017\/01\/kurucpeter.jpg\" alt=\"Kuruc P\u00e9ter\" width=\"526\" height=\"296\" \/> Kuruc P\u00e9ter[\/caption]\r\n<p>&nbsp;<\/p>\r\n<p>Alapvet\u0151en bor\u00fal\u00e1t\u00f3ak nyugd\u00edjas \u00e9veik tekintet\u00e9ben a magyarok. A K&amp;H biztos j\u00f6v\u0151 index kutat\u00e1s alapj\u00e1n a magyarok t\u00f6bbs\u00e9ge, 78 sz\u00e1zal\u00e9ka a mostanin\u00e1l rosszabb vagy sokkal rosszabb \u00e9letsz\u00ednvonalra sz\u00e1m\u00edt a nyugd\u00edjba vonul\u00e1s ut\u00e1n. Mind\u00f6ssze 4 sz\u00e1zal\u00e9k azoknak az ar\u00e1nya, akik \u00fagy gondolj\u00e1k, hogy a jelenlegin\u00e9l magasabb \u00e9letsz\u00ednvonal v\u00e1r r\u00e1juk id\u0151s korukban. M\u00e9g a nyugd\u00edjc\u00e9l\u00fa megtakar\u00edt\u00e1ssal rendelkez\u0151k k\u00f6r\u00e9ben sem t\u00fal j\u00f3 a helyzet: mind\u00f6ssze 34 sz\u00e1zal\u00e9kuk l\u00e1tja pozit\u00edvan anyagi helyzet\u00e9t nyugd\u00edjba vonul\u00e1s ut\u00e1n.<\/p>\r\n<p>A felm\u00e9r\u00e9s szerint 2016-ban 69 sz\u00e1zal\u00e9kra n\u0151tt azok ar\u00e1nya, akik szerint nyugd\u00edjas korukban is dolgozni fognak, egy \u00e9vvel kor\u00e1bban \u201ecsak\u201d 61 sz\u00e1zal\u00e9kuk gondolt erre a forgat\u00f3k\u00f6nyvre, noha m\u00e1r az is magasnak t\u0171nt. A megk\u00e9rdezettek k\u00f6r\u00e9ben gyakori hozz\u00e1\u00e1ll\u00e1s, hogy most m\u00e9g m\u00e1sra kell a p\u00e9nz: 65 sz\u00e1zal\u00e9k ezzel magyar\u00e1zta, hogy egyel\u0151re nem tud a nyugd\u00edjas \u00e9veire sp\u00f3rolni. F\u0151k\u00e9nt a harmincas koroszt\u00e1ly, az alacsony j\u00f6vedelm\u0171ek \u00e9s v\u00e9gzetts\u00e9g\u0171ek, illetve a kistelep\u00fcl\u00e9sen \u00e9l\u0151k hivatkoznak erre. A v\u00e1laszad\u00f3k t\u00f6bb mint fele, 64 sz\u00e1zal\u00e9ka gondolja \u00fagy, hogy mire nyugd\u00edjba megy, \u00f6sszed\u0151l a nyugd\u00edjrendszer. 2016-ban 29-r\u0151l 34 sz\u00e1zal\u00e9kra n\u0151tt azok ar\u00e1nya, akik nem sz\u00e1m\u00edtanak arra, hogy egy\u00e1ltal\u00e1n meg\u00e9rik a nyugd\u00edjas kort, holott a KSH adatai szerint a sz\u00fclet\u00e9skor v\u00e1rhat\u00f3 \u00e1tlagos \u00e9lettartam n\u00f6vekszik: a n\u0151k eset\u00e9ben 2015-ben 78, a f\u00e9rfiakn\u00e1l pedig 72 \u00e9v volt. T\u00edzb\u0151l pedig mind\u00f6ssze egy ember val\u00f3sz\u00edn\u0171s\u00edti, hogy v\u00e1llalkoz\u00e1sa nyugd\u00edjas kor\u00e1ban is meg\u00e9lhet\u00e9st biztos\u00edt.<\/p>\r\n<h3><strong>Honnan lesz extra p\u00e9nz?<br \/><\/strong><\/h3>\r\n<p>Nem k\u00f6nny\u00edti meg a nyugd\u00edjas \u00e9veket, hogy a magyarok 44 sz\u00e1zal\u00e9ka nem sz\u00e1mol semmilyen extra j\u00f6vedelemmel az \u00e1llami nyugd\u00edjon fel\u00fcl. Azok viszont, akiknek lesz t\u00f6bblete, \u00e1llamilag t\u00e1mogatott nyugd\u00edjc\u00e9l\u00fa megtakar\u00edt\u00e1sokb\u00f3l rem\u00e9lik ezt. A megk\u00e9rdezettek 29 sz\u00e1zal\u00e9ka \u00f6nk\u00e9ntes nyugd\u00edjp\u00e9nzt\u00e1ri megtakar\u00edt\u00e1sb\u00f3l eg\u00e9sz\u00edten\u00e9 ki az \u00e1llami nyugd\u00edjat. Az egy \u00e9vvel kor\u00e1bbihoz k\u00e9pest 10-r\u0151l 14 sz\u00e1zal\u00e9kra n\u0151tt azok ar\u00e1nya, akik az \u00e1llami nyugd\u00edj mellett bev\u00e9tel\u00fck kieg\u00e9sz\u00edt\u00e9sek\u00e9ppen nyugd\u00edjbiztos\u00edt\u00e1sban gondolkodnak. Nem lehet el\u00e9gszer hangs\u00falyozni, hogy \u00e9rdemes a lehet\u0151 legkor\u00e1bban megkezdeni a takar\u00e9koskod\u00e1st, hiszen min\u00e9l el\u0151retekint\u0151bbek vagyunk, ann\u00e1l nagyobb \u00f6sszeget tudunk felhalmozni\u201d \u2013 emelte ki Kuruc P\u00e9ter, a K&amp;H Biztos\u00edt\u00f3 \u00e9letbiztos\u00edt\u00e1s \u00e9s saj\u00e1t \u00e9rt\u00e9kes\u00edt\u00e9si csatorn\u00e1k div\u00edzi\u00f3j\u00e1nak vezet\u0151je. Hozz\u00e1tette: egy nyugd\u00edjbiztos\u00edt\u00e1si konstrukci\u00f3 eset\u00e9ben havi 15 ezer forint megtakar\u00edt\u00e1ssal 25 \u00e9v alatt, az ad\u00f3j\u00f3v\u00e1\u00edr\u00e1st is figyelembe v\u00e9ve, a hozamokt\u00f3l f\u00fcgg\u0151en nagys\u00e1grendileg 8 milli\u00f3 forintnyi t\u0151ke halmozhat\u00f3 fel.<\/p>\r\n<h3><strong>Halogatunk<\/strong><\/h3>\r\n<p><br \/> A kutat\u00e1sb\u00f3l az is kider\u00fcl, ki, mikor kezd el f\u00e9lretenni a lakoss\u00e1g. B\u00e1r a halogat\u00f3k ar\u00e1nya a korral cs\u00f6kken, m\u00e9g \u00edgy is sokan maradnak nyugd\u00edjc\u00e9l\u00fa tartal\u00e9k n\u00e9lk\u00fcl. A harmincas koroszt\u00e1lynak t\u00f6bb mint a fele, a negyveneseknek alig fele, m\u00edg az \u00f6tvenesek 38 sz\u00e1zal\u00e9ka nem kezdett m\u00e9g hozz\u00e1 a nyugd\u00edjc\u00e9l\u00fa takar\u00e9koskod\u00e1shoz. Ennek ellen\u00e9re a fontoss\u00e1g\u00e1t sokan felismert\u00e9k: a legtudatosabb takar\u00e9koskod\u00f3k azok, akik 30 \u00e9v alatt m\u00e1r gondolnak a nyugd\u00edjra. <br \/> <br \/> A magyarok 78 sz\u00e1zal\u00e9k\u00e1nak nincs kifejezetten nyugd\u00edjc\u00e9l\u00fa megtakar\u00edt\u00e1sa, 12 sz\u00e1zal\u00e9knak nem \u00e9ri el az 1 milli\u00f3t, 9 sz\u00e1zal\u00e9k rendelkezik 1 \u00e9s 5 milli\u00f3 forint k\u00f6z\u00f6tti \u00f6sszeggel, \u00e9s mind\u00f6ssze 1 sz\u00e1zal\u00e9k tett 5 milli\u00f3 forintn\u00e1l t\u00f6bbet f\u00e9lre nyugd\u00edjc\u00e9lra. <br \/> <strong>\u00a0<\/strong><\/p>\r\n<h3><strong>Mennyit tesznek f\u00e9lre? <br \/><\/strong><\/h3>\r\n<p>Annak ellen\u00e9re, hogy a t\u00f6bbs\u00e9g nem rendelkezik konkr\u00e9tan a nyugd\u00edjas \u00e9vekre sp\u00f3rolt p\u00e9nzzel, a megk\u00e9rdezettek szerint \u00e1tlagosan havi 20 ezer forintot kellene havonta f\u00e9lretenni ahhoz, hogy v\u00e1llalhat\u00f3 legyen a nyugd\u00edjuk. J\u00f6vedelemar\u00e1nyosan \u00e1tlagosan a havi bev\u00e9tel 15 sz\u00e1zal\u00e9k\u00e1val sz\u00e1molnak. \u00c9rdekes, hogy a havonta sz\u00fcks\u00e9gesnek \u00e9rzett \u00f6sszeget egy\u00e1ltal\u00e1n nem befoly\u00e1solja az, hogy kinek, mennyi id\u0151 van m\u00e9g h\u00e1tra a nyugd\u00edjig. <br \/> <br \/> Kuruc P\u00e9ter elmondta azt is, hogy a K&amp;H Biztos\u00edt\u00f3n\u00e1l k\u00e9tfajta nyugd\u00edjbiztos\u00edt\u00e1si konstrukci\u00f3 van. A rendszeres d\u00edjfizet\u00e9s\u0171 nyugd\u00edjbiztos\u00edt\u00e1ssal rendelkez\u0151k havonta \u00e1tlagosan 12 329 forintot fizettek, \u00e9s a tavaly szeptemberi adatok alapj\u00e1n fejenk\u00e9nt \u00e1tlagosan k\u00f6zel 260 ezer forintos megtakar\u00edt\u00e1ssal rendelkeztek. A m\u00e1sik csoportba az egyszeri d\u00edjas nyugd\u00edjbiztos\u00edt\u00e1sok tartoznak, az \u00e9rintett K&amp;H-s \u00fcgyfeleknek tavaly szeptember v\u00e9g\u00e9n \u00e1tlagosan t\u00f6bb mint 1 milli\u00f3 forintos megtakar\u00edt\u00e1sa volt. <br \/> Kuruc hozz\u00e1tette: 2016 szeptember v\u00e9g\u00e9ig 4200 rendszeres d\u00edjfizet\u00e9s\u0171 \u00e9s 730 egyszeri d\u00edjas \u00e9l\u0151 nyugd\u00edjbiztos\u00edt\u00e1ssal rendelkeztek a K&amp;H Biztos\u00edt\u00f3n\u00e1l az \u00fcgyfelek. M\u00edg a rendszeres d\u00edjfizet\u00e9s\u0171ekn\u00e9l nyugd\u00edjbiztos\u00edt\u00e1sok mind\u00f6ssze 4,5 sz\u00e1zal\u00e9k\u00e1t t\u00f6r\u00f6lt\u00e9k (v\u00e1ltott\u00e1k vissza az \u00fcgyfelek), \u00e9s 1,7 sz\u00e1zal\u00e9k\u00e1t d\u00edjmentes\u00edtett\u00e9k, az egyszeri d\u00edjasokn\u00e1l 1,4 sz\u00e1zal\u00e9kos a t\u00f6rl\u00e9si ar\u00e1ny. V\u00e9lem\u00e9nye szerint ez az alacsony ar\u00e1ny a val\u00f3di tan\u00e1csad\u00e1snak \u00e9s az \u00fcgyfelek megfontolt d\u00f6nt\u00e9s\u00e9nek k\u00f6sz\u00f6nhet\u0151.<\/p>","type":"rich"}

Féle Minden

Nyugdíj helyett munka!

<p><span class="article_lead">Mindössze 22 százalék azoknak az aránya, akik rendelkeznek nyugdíjcélú megtakarítással, holott 78 százalék a jelenleginél rosszabb vagy sokkal rosszabb életszínvonalra számít az aktív évek után. Egyre többen gondolják úgy, hogy nyugdíjas korukban is dolgozni fognak</span> - írja a <a href="http://penzguru.blog.hu/2017/01/16/nyugdij_orokke_dolgozni_fogunk">PénzGuru.</a></p>
[caption id="" align="aligncenter" width="526"]<img class="" src="https://economia.cafeblog.hu/files/2017/01/kurucpeter.jpg" alt="Kuruc Péter" width="526" height="296" /> Kuruc Péter[/caption]
<p>&nbsp;</p>
<p>Alapvetően borúlátóak nyugdíjas éveik tekintetében a magyarok. A K&amp;H biztos jövő index kutatás alapján a magyarok többsége, 78 százaléka a mostaninál rosszabb vagy sokkal rosszabb életszínvonalra számít a nyugdíjba vonulás után. Mindössze 4 százalék azoknak az aránya, akik úgy gondolják, hogy a jelenleginél magasabb életszínvonal vár rájuk idős korukban. Még a nyugdíjcélú megtakarítással rendelkezők körében sem túl jó a helyzet: mindössze 34 százalékuk látja pozitívan anyagi helyzetét nyugdíjba vonulás után.</p>
<p>A felmérés szerint 2016-ban 69 százalékra nőtt azok aránya, akik szerint nyugdíjas korukban is dolgozni fognak, egy évvel korábban „csak” 61 százalékuk gondolt erre a forgatókönyvre, noha már az is magasnak tűnt. A megkérdezettek körében gyakori hozzáállás, hogy most még másra kell a pénz: 65 százalék ezzel magyarázta, hogy egyelőre nem tud a nyugdíjas éveire spórolni. Főként a harmincas korosztály, az alacsony jövedelműek és végzettségűek, illetve a kistelepülésen élők hivatkoznak erre. A válaszadók több mint fele, 64 százaléka gondolja úgy, hogy mire nyugdíjba megy, összedől a nyugdíjrendszer. 2016-ban 29-ről 34 százalékra nőtt azok aránya, akik nem számítanak arra, hogy egyáltalán megérik a nyugdíjas kort, holott a KSH adatai szerint a születéskor várható átlagos élettartam növekszik: a nők esetében 2015-ben 78, a férfiaknál pedig 72 év volt. Tízből pedig mindössze egy ember valószínűsíti, hogy vállalkozása nyugdíjas korában is megélhetést biztosít.</p>
<h3><strong>Honnan lesz extra pénz?<br /></strong></h3>
<p>Nem könnyíti meg a nyugdíjas éveket, hogy a magyarok 44 százaléka nem számol semmilyen extra jövedelemmel az állami nyugdíjon felül. Azok viszont, akiknek lesz többlete, államilag támogatott nyugdíjcélú megtakarításokból remélik ezt. A megkérdezettek 29 százaléka önkéntes nyugdíjpénztári megtakarításból egészítené ki az állami nyugdíjat. Az egy évvel korábbihoz képest 10-ről 14 százalékra nőtt azok aránya, akik az állami nyugdíj mellett bevételük kiegészítéseképpen nyugdíjbiztosításban gondolkodnak. Nem lehet elégszer hangsúlyozni, hogy érdemes a lehető legkorábban megkezdeni a takarékoskodást, hiszen minél előretekintőbbek vagyunk, annál nagyobb összeget tudunk felhalmozni” – emelte ki Kuruc Péter, a K&amp;H Biztosító életbiztosítás és saját értékesítési csatornák divíziójának vezetője. Hozzátette: egy nyugdíjbiztosítási konstrukció esetében havi 15 ezer forint megtakarítással 25 év alatt, az adójóváírást is figyelembe véve, a hozamoktól függően nagyságrendileg 8 millió forintnyi tőke halmozható fel.</p>
<h3><strong>Halogatunk</strong></h3>
<p><br /> A kutatásból az is kiderül, ki, mikor kezd el félretenni a lakosság. Bár a halogatók aránya a korral csökken, még így is sokan maradnak nyugdíjcélú tartalék nélkül. A harmincas korosztálynak több mint a fele, a negyveneseknek alig fele, míg az ötvenesek 38 százaléka nem kezdett még hozzá a nyugdíjcélú takarékoskodáshoz. Ennek ellenére a fontosságát sokan felismerték: a legtudatosabb takarékoskodók azok, akik 30 év alatt már gondolnak a nyugdíjra. <br /> <br /> A magyarok 78 százalékának nincs kifejezetten nyugdíjcélú megtakarítása, 12 százaléknak nem éri el az 1 milliót, 9 százalék rendelkezik 1 és 5 millió forint közötti összeggel, és mindössze 1 százalék tett 5 millió forintnál többet félre nyugdíjcélra. <br /> <strong> </strong></p>
<h3><strong>Mennyit tesznek félre? <br /></strong></h3>
<p>Annak ellenére, hogy a többség nem rendelkezik konkrétan a nyugdíjas évekre spórolt pénzzel, a megkérdezettek szerint átlagosan havi 20 ezer forintot kellene havonta félretenni ahhoz, hogy vállalható legyen a nyugdíjuk. Jövedelemarányosan átlagosan a havi bevétel 15 százalékával számolnak. Érdekes, hogy a havonta szükségesnek érzett összeget egyáltalán nem befolyásolja az, hogy kinek, mennyi idő van még hátra a nyugdíjig. <br /> <br /> Kuruc Péter elmondta azt is, hogy a K&amp;H Biztosítónál kétfajta nyugdíjbiztosítási konstrukció van. A rendszeres díjfizetésű nyugdíjbiztosítással rendelkezők havonta átlagosan 12 329 forintot fizettek, és a tavaly szeptemberi adatok alapján fejenként átlagosan közel 260 ezer forintos megtakarítással rendelkeztek. A másik csoportba az egyszeri díjas nyugdíjbiztosítások tartoznak, az érintett K&amp;H-s ügyfeleknek tavaly szeptember végén átlagosan több mint 1 millió forintos megtakarítása volt. <br /> Kuruc hozzátette: 2016 szeptember végéig 4200 rendszeres díjfizetésű és 730 egyszeri díjas élő nyugdíjbiztosítással rendelkeztek a K&amp;H Biztosítónál az ügyfelek. Míg a rendszeres díjfizetésűeknél nyugdíjbiztosítások mindössze 4,5 százalékát törölték (váltották vissza az ügyfelek), és 1,7 százalékát díjmentesítették, az egyszeri díjasoknál 1,4 százalékos a törlési arány. Véleménye szerint ez az alacsony arány a valódi tanácsadásnak és az ügyfelek megfontolt döntésének köszönhető.</p>
